 2?
-9317e
In base 12, what is 1837a - -1?
1837b
In base 11, what is 350 - -865?
1105
In base 12, what is 361924 - -5?
361929
In base 15, what is b70 + -1e?
b51
In base 5, what is -34 - 231203?
-231242
In base 4, what is 11 + -1202210?
-1202133
In base 5, what is -11131132 - -3?
-11131124
In base 12, what is 136b48 - -2?
136b4a
In base 8, what is 126 + -5765?
-5637
In base 2, what is -11001000101110 + 1000?
-11001000100110
In base 12, what is 100 + 4?
104
In base 6, what is 4 + -24130311?
-24130303
In base 3, what is -1211220 + -2?
-1211222
In base 8, what is 2 - -1527234?
1527236
In base 14, what is -12 + 1629?
1617
In base 6, what is 22 + -441023?
-441001
In base 11, what is 4 + -5a417?
-5a413
In base 8, what is 3320 - -3567?
7107
In base 10, what is 1067281 - -5?
1067286
In base 13, what is 48933 + 4?
48937
In base 14, what is 2 - -ac5d0?
ac5d2
In base 2, what is -11 - -1100010001101?
1100010001010
In base 2, what is -1010 - -1100011100101?
1100011011011
In base 10, what is 2571 + -29?
2542
In base 10, what is -5 - 33798?
-33803
In base 4, what is -30133213103 - -1?
-30133213102
In base 6, what is 3102 + 30?
3132
In base 12, what is 1564 + a26?
238a
In base 15, what is -2 + e53a6?
e53a4
In base 7, what is 143630 + 1?
143631
In base 14, what is -9 - -15153c?
151533
In base 12, what is 1120 - 2a5?
a37
In base 15, what is 23 - -5d6?
609
In base 16, what is -e91f - 3?
-e922
In base 13, what is -18100b + -2?
-181010
In base 16, what is 4 - -11d5a?
11d5e
In base 13, what is -15 + 58b5?
58a0
In base 11, what is -6 + 20050?
20045
In base 15, what is 916 - 1b?
8ea
In base 14, what is 718 - 3d9?
31d
In base 13, what is 4 - -2326a?
23271
In base 16, what is -397f - 4e?
-39cd
In base 16, what is -28069 + 3?
-28066
In base 9, what is -23 + 14331?
14307
In base 2, what is 1010010010011 + -110010?
1010001100001
In base 7, what is 6504156 - 0?
6504156
In base 7, what is -13254 - -40?
-13214
In base 7, what is 40 + -1324366?
-1324326
In base 16, what is -30 + 18a?
15a
In base 2, what is -101 + -101100011100?
-101100100001
In base 2, what is 1010011001 + -1010?
1010001111
In base 5, what is 113 + -43443?
-43330
In base 8, what is 6557 + 11?
6570
In base 7, what is 155342 + 2?
155344
In base 11, what is -918 + -1465?
-2282
In base 6, what is -4 - -23213?
23205
In base 4, what is -1323 + 3312311?
3310322
In base 5, what is 11001 - -124?
11130
In base 5, what is 1020331 - 0?
1020331
In base 7, what is -606 + 103?
-503
In base 16, what is -302 - -44?
-2be
In base 2, what is -1 + -11011001101101000?
-11011001101101001
In base 13, what is 77 - -2770?
2817
In base 10, what is 288752 - -4?
288756
In base 5, what is -2201202301 + -4?
-2201202310
In base 10, what is 437 - 55?
382
In base 4, what is 2 + -3222331103?
-3222331101
In base 9, what is 24 - 71047?
-71023
In base 5, what is 43 + 23133442?
23134040
In base 6, what is 11214 - -32?
11250
In base 2, what is 10 - -111101110100001?
111101110100011
In base 3, what is -1210 + -12112121?
-12121101
In base 16, what is 15 + -bf2?
-bdd
In base 2, what is 10 + -11100111101101011?
-11100111101101001
In base 6, what is 5 - -231022?
231031
In base 14, what is 1 + 2d0?
2d1
In base 9, what is -54504 + 3?
-54501
In base 14, what is -39260 + 7?
-39257
In base 10, what is -25 - -2168?
2143
In base 10, what is -27 + -1262?
-1289
In base 16, what is -57a27 + 0?
-57a27
In base 7, what is 4 + -6222226?
-6222222
In base 16, what is -5 - 18b?
-190
In base 16, what is 7 + 13c9?
13d0
In base 13, what is -90 - 154?
-214
In base 10, what is -75 - 3283?
-3358
In base 11, what is -3 + -2363a2?
-2363a5
In base 4, what is 22222000 - -2?
22222002
In base 9, what is -131 - -134?
3
In base 8, what is 2362 - 117?
2243
In base 9, what is -414 - -28?
-375
In base 7, what is -3 + 41166?
41163
In base 16, what is -1 + 1a989?
1a988
In base 7, what is -2 - 234135?
-234140
In base 12, what is -363944 - -2?
-363942
In base 5, what is -14 + 3403?
3334
In base 16, what is 19 - 4ec?
-4d3
In base 13, what is 329 + 112?
43b
In base 15, what is -519 - 5?
-51e
In base 7, what is -2411434 + 12?
-2411422
In base 13, what is -3c4a0 - -2?
-3c49b
In base 11, what is -5a3942 - -4?
-5a3939
In base 12, what is 2 - 195b50?
-195b4a
In base 2, what is -1 - -110110011111000011?
110110011111000010
In base 10, what is -4 - 192869?
-192873
In base 3, what is -110120220200 - -2?
-110120220121
In base 3, what is 10201211002 - 1?
10201211001
In base 9, what is 54103 + -8?
54084
In base 6, what is 1001 - 25113?
-24112
In base 13, what is -30 + -22b4?
-2314
In base 16, what is -37df - -f?
-37d0
In base 10, what is -5 - 15154?
-15159
In base 11, what is -46948 + -5?
-46952
In base 9, what is -3 - -12503?
12500
In base 13, what is -4bb + 7?
-4b4
In base 5, what is 3331 + -32323?
-23442
In base 10, what is -48 - -2231?
2183
In base 13, what is -811aa + 0?
-811aa
In base 12, what is -30 - 217?
-247
In base 16, what is -1 - 28bf4?
-28bf5
In base 3, what is -20202 - -1001000?
210021
In base 7, what is 51554 - 2?
51552
In base 11, what is 14 - -26896?
268aa
In base 8, what is -411 - -35?
-354
In base 11, what is -13678 - 5?
-13682
In base 16, what is -5946ae - 3?
-5946b1
In base 11, what is -99 + 363?
275
In base 2, what is -1111011 - 10000001000010000?
-10000001010001011
In base 16, what is -785a - -5?
-7855
In base 15, what is -3 + 149a?
1497
In base 12, what is 1a8 - 71?
137
In base 8, what is 612 + -107?
503
In base 9, what is -23 - -40360?
40336
In base 6, what is 50 - 40050?
-40000
In base 3, what is -22102 + 220101?
120222
In base 15, what is -2c0844 - 1?
-2c0845
In base 14, what is -3 + 1816aa?
1816a7
In base 4, what is -1 - 10100330?
-10100331
In base 11, what is 7585 + 3?
7588
In base 13, what is -11 + 3bb94?
3bb83
In base 15, what is -12a + -20d8?
-2213
In base 7, what is -1 + -1044226?
-1044230
In base 2, what is -11 - -110110110101000?
110110110100101
In base 4, what is -2323 + 20100?
11111
In base 14, what is 354d - 4?
3549
In base 16, what is 22 - 15d?
-13b
In base 11, what is a4539 - 2?
a4537
In base 4, what is 3 - 122013?
-122010
In base 4, what is -121210331 - 20?
-121211011
In base 8, what is -31326 + -426?
-31754
In base 5, what is -20 + 1240040?
1240020
In base 4, what is -200310 - -10023?
-130221
In base 2, what is 101 - -1000111100101011?
1000111100110000
In base 14, what is -23 + -16c?
-191
In base 16, what is -1f + 12a?
10b
In base 6, what is -3510 + 41?
-3425
In base 2, what is -1011101100 + 101?
-1011100111
In base 12, what is -4 + 14407?
14403
In base 4, what is 222031301 + -2?
222031233
In base 16, what is 2 + -3020?
-301e
In base 7, what is 2611 + 12413?
15324
In base 15, what is 1b819 - 9?
1b810
In base 15, what is 1b - be?
-a3
In base 11, what is -301 - 1120?
-1421
In base 2, what is 111 - -11101101001?
11101110000
In base 10, what is 13 + -2906?
-2893
In base 13, what is -250 - -54?
-1c9
In base 6, what is 10 + -14540?
-14530
In base 10, what is 1 - -36428?
36429
In base 15, what is -19 + -100?
-119
In base 3, what is -2 + -1000101111012?
-1000101111021
In base 9, what is 17501 - -4?
17505
In base 13, what is cbc - 1a?
ca2
In base 5, what is 1 + 1043431?
1043432
In base 12, what is 9 - -b526?
b533
In base 12, what is 6a + -20?
4a
In base 6, what is -415400 + 5?
-415351
In base 10, what is 49 + 3157?
3206
In base 15, what is -45cd3 + -2?
-45cd5
In base 14, what is 343 + -588?
-245
In base 8, what is -20 - -72565?
72545
In base 15, what is 1 + -33029?
-33028
In base 11, what is -9 - 1a861?
-1a86a
In base 8, what is 177524 + 25?
177551
In base 6, what is -20 - 40405?
-40425
In base 3, what is 1 - 1221200222?
-1221200221
In base 6, what is -3 - -523103?
523100
In base 11, what is 1 - 198659?
-198658
In base 4, what is -111 + 1100031?
1033320
In base 9, what is 1037721 + -1?
1037720
In base 11, what is 899 + 27?
915
In base 2, what is -1010 + 1000100110?
1000011100
In base 7, what is -654341 + -4?
-654345
In base 3, what is 12121101012 + 110?
12121101122
In base 4, what is 30013130 - 1?
30013123
In base 8, what is -53135 - 0?
-53135
In base 5, what is 20002 + 4404?
24411
In base 10, what is -4 - -9433?
9429
In base 11, what is -3914 + -33?
-3947
In base 8, what is 602401 + -1?
602400
In base 5, what is -21133034 + 2?
-21133032
In base 4, what is 202 - 1010